What is the units digit of m?
9
Let w be (-4 + 12/8)*(1 + 3). Let o(h) = -21*h + 17. What is the units digit of o(w)?
7
Let u(v) = 3*v**3 + 3*v**2 + 27*v + 146. What is the units digit of u(10)?
6
Let w(x) = 4*x**3 + 6*x**2 + 10*x - 44. Let k be (-624)/52*(-2)/4. What is the thousands digit of w(k)?
1
Suppose -4*u = 1776 - 444. Let n = -120 - u. What is the units digit of n?
3
Let v(o) = 6*o**3 - o**2 + o + 2. Suppose 3*y = 6*y + 3. Let b be v(y). What is the tens digit of ((-10)/b)/((-12)/(-864))?
2
Let z(h) = h**3 - 10*h**2 - 3*h - 25. Let o be z(11). Let g = o - 60. Suppose 2*i + 94 = -g*s + 8*s, -3*s - 4*i = -72. What is the tens digit of s?
2
Let y = 89 + 1793. What is the tens digit of y?
8
Suppose 3*p = -4*p + 1120. Suppose 5*z - 87 - 67 = j, -5*z + p = 5*j. What is the tens digit of 32 - (z/(-11) - 6/33)?
3
Let s(t) = -t**3 - 18*t**2 - 18*t - 10. Let o be s(-17). What is the units digit of (o + -5)/(1/19)?
8
Let x = -7 - -13. Suppose x*i = 2878 - 700. What is the tens digit of i?
6
Suppose j + 11 = 3*c, -2*c + 24 = -j - 3*j. Suppose -5*w - 556 = -c*b - 9*w, w = -5. What is the units digit of b?
8
Let h(j) = -7*j**2 + 21*j - 5. Let i be h(5). Let x = i + 45. Let n(b) = b**2 + 24*b + 13. What is the units digit of n(x)?
3
Let r = -51 + 54. Suppose r = 3*h - 6. Suppose -h*g + 7*g - 292 = 0. What is the tens digit of g?
7
Suppose -3*k - 4*q - 42 = -q, -5*k + q - 64 = 0. Let y(x) = -114*x - 15. What is the tens digit of y(k)?
6
Suppose -g = 5*w - 233, -3*g = -5*w + 75 + 146. Let c = 135 + 106. Let h = c - w. What is the units digit of h?
5
Let b(u) = -u**2 - 88*u - 1362. Let f be b(-68). Suppose 2*s = -4 - 2. What is the units digit of (6/(-27))/(f*s/(-54))?
2
Suppose -f + k + 8 = -k, -6 = -3*k. Suppose 2*b - 3*b + f = 0. Suppose -188 = -4*i + b. What is the units digit of i?
0
Suppose -5*o - 67361 = -5*k + 66619, 3*o - 53572 = -2*k. What is the units digit of k?
2
Let y be -2 + 0 - (-3 + -6). Let s be (-1)/(-4 + y) - 68/(-6). What is the tens digit of (-2)/s - 27776/(-308)?
9
Suppose -2*r + 7*r = 9*r. Let g be -1 + (1 + 1 - r/(-3)). Suppose -50 = -7*w - g. What is the units digit of w?
7
Let n(y) = y**2 + 9*y - 9. Let k be n(-9). Let x be ((-24)/k)/(2/(-15)). What is the tens digit of (-1)/4 - 625/x?
3
Let m(d) = -d**2 - 5*d - 4. Let f be m(-7). Suppose 0 = 2*z - 5*z + 12. What is the tens digit of (194/z - 2)*(-24)/f?
6
Let h be (6 - 7)/(((-15)/3)/45). Let z(p) = -p + 1. Let q(u) = -2*u**3 + 18*u**2 + 2*u + 19. Let d(t) = q(t) - 3*z(t). What is the tens digit of d(h)?
6
Let b(l) = -l**3 + 13*l**2 + 25*l - 150. Let i be b(14). Let a = 8 + 0. Suppose -3*x + i*t - 1001 = -a*x, -5*x + 5*t = -1010. What is the units digit of x?
1
Let y = -3188 + 8283. What is the tens digit of y?
9
Suppose 9*q - 289 = 26. Let j = q - -130. What is the hundreds digit of j?
1
Let m(s) = 4157*s - 463. What is the hundreds digit of m(1)?
6
Let x(m) be the first derivative of 49*m**2 - 129*m - 84. What is the hundreds digit of x(8)?
6
Let n(p) = -40*p + 2. Let z be n(3). Let b = 71 + z. Let c = 124 + b. What is the units digit of c?
7
What is the tens digit of (-27)/(-18) - 2232025/(-50)?
4
Suppose f = -3*x + 441, -4*f - 68 + 1796 = 3*x. Let t = -163 + f. What is the hundreds digit of t?
2
What is the units digit of (-201)/469 - (-204158)/7?
5
Let b = 554 - -604. Suppose -5*h + b = 2*o, 3*o - 3*h - 1920 + 225 = 0. What is the units digit of o?
9
Let q(i) = 462*i**2 + 16*i + 3. Let y be q(-3). Let v = -2437 + y. What is the tens digit of v?
7
Let k(i) = 7*i**3 - 4*i**2 + 3. Let u be k(2). Suppose u = -8*f + 3. What is the tens digit of -4*f/(-70) + (-996)/(-7)?
4
Suppose 5*h - 7411 = -4*y + 7243, 7316 = 2*y - 3*h. What is the thousands digit of y?
3
Suppose -l - 190147 = -4*h - 16691, -h + 3*l = -43342. What is the tens digit of h?
6
Let c(x) = 0 - 23 + 54*x - 12. Let f be c(6). Suppose 0 = 3*i + 5*p - 415, 3*p + f = -5*i + 970. What is the tens digit of i?
3
Let g = -2 + 10. Let c(d) = 17 - 1 + 4*d**3 - 7*d**2 - 3*d**3 - d. What is the tens digit of c(g)?
7
Suppose -20*n + 23*n = 21. What is the hundreds digit of 438 - n/((-21)/(-15))?
4
Suppose 12*v + 5420 = 428. Let r = 31 - v. What is the units digit of r?
7
Suppose 2*s = 4*d + 12, 2*s + d - 12 = -0*d. Let m(z) = -12*z + 1. Let i be m(-4). Suppose 5*u = h - i, 2*h - s*h = 3*u - 265. What is the units digit of h?
4
Let g = 1263 + -761. Let w = g - 229. What is the tens digit of w?
7
Let q(z) = -13*z + 79. Let d(s) = 7*s - 39. Let k(w) = 7*d(w) + 3*q(w). Let t be k(15). Suppose -2*r + t = -110. What is the hundreds digit of r?
1
Let z(s) = -3*s + 22. Let y be z(28). Let u = y - -65. Suppose u*g = 221 + 190. What is the tens digit of g?
3
Let c = 155 + -252. Suppose 59*m + 17914 = 36*m - 83*m. Let u = c - m. What is the units digit of u?
2
What is the units digit of 3 + -1089*1054/(-51)?
9
Let q(u) = -u**2 + 19*u - 84. Let z be q(12). Suppose 0 = 2*d - z*d + 8, -2*p = d - 1198. What is the units digit of p?
1
Suppose r - 1 = 3, -3*m + 5*r = 11. Suppose 0 = -d - 3*v + 567, -2*d + m*d + 4*v = 562. What is the tens digit of d?
8
Suppose -4*v = -c, -2*v + 2 + 0 = 0. What is the tens digit of c/22 + ((-590)/(-22) - 4)?
2
Let c be 2 + -1 + -6 - -5. Suppose c*s - 302 = -s. What is the tens digit of s?
0
Suppose 378*o = -3*c + 374*o + 71208, 4*c + 5*o = 94942. What is the thousands digit of c?
3
Suppose -5*o - l + 109 = 0, -3*o + 2*l - 33 + 88 = 0. What is the units digit of 7*18/o*(33 - 1)?
2
Suppose -4*v - f = -84452, 42*v + 105607 = 47*v - 4*f. What is the thousands digit of v?
1
Let c(s) = -103*s**3 - 39*s**3 + 15*s**3 - 3*s**2 - 3*s. What is the hundreds digit of c(-1)?
1
Suppose 10*p = 4339 - 1269. Let i = p - 441. What is the tens digit of ((-4)/(8/(-6)) - i)*1?
3
Suppose 179967 - 86013 = 36*t - 309678. What is the units digit of t?
2
Suppose -60*v - 2 = -62*v. Let z be (-320)/30*(5/(-2) + v). Let s = 119 - z. What is the units digit of s?
3
Let m = 25284 - 13323. What is the hundreds digit of m?
9
Let f(z) = 44*z - 75. What is the tens digit of f(4)?
0
Suppose -3*i = -2 - 4. Suppose -1013 = -5*s + 10*x - 6*x, i*x = 2*s - 404. What is the units digit of s?
5
Let b(r) be the third derivative of r**5/60 - r**3/3 - 21*r**2. Let m be b(-12). What is the tens digit of ((-104)/10)/(m/(-35) + 4)?
8
Suppose -n - 2*q = 12, 0 = -4*n - 5*q + 17 - 77. Let k = n - -24. Let p(t) = 33*t - 16. What is the units digit of p(k)?
6
Let h be 9/(-6)*(-1128)/36. Suppose -h*l + 44*l = -1710. What is the tens digit of l?
7
Suppose -s = 2*n - 17020, 337*s = n + 338*s - 8507. What is the thousands digit of n?
8
Let k = 41836 + -25138. What is the units digit of k?
8
What is the units digit of (-12675 - -3)/(16/((-288)/27))?
8
Suppose -21*c = -4007 - 11995. Let h = c - 303. What is the tens digit of h?
5
What is the hundreds digit of 48573/3*10*4/12?
9
Let y(v) = 13*v + 7 + 5*v - 6 + v**2 - 4*v**2 - v**3. Let w be y(-6). What is the units digit of (w - 66/4)/((-3)/6)?
1
Let q be 68/(-51) - 28/(-3). Suppose 4*o = 4*j + 4, -3*j - 2*o + q = -14. Suppose -5*v = -u + 9, -u - j*v + 18 = -0*u. What is the units digit of u?
4
Let x(i) be the third derivative of i**5/15 + i**4/6 + i**3/2 + 31*i**2. Let y be x(-3). What is the units digit of (-2 - -4 - -2)/(2/y)?
4
Let f = 9625 + 12934. What is the hundreds digit of f?
5
Let i(n) = 2*n**3 + 52*n**2 - 52*n + 59. Let w be i(-27). Suppose -2*f - 4*j = -1946, -w*j + 0*j - 1901 = -2*f. What is the units digit of f?
3
Suppose 9 = -23*t - 60. What is the tens digit of (-10)/(-8) + t*(-12565)/84?
5
Let n = 81960 - 48012. What is the thousands digit of n?
3
Suppose 2820*g - 978132 = 2783*g. What is the thousands digit of g?
6
What is the units digit of 179467/5 + (-18)/(-30)?
4
Let f = -318 - -338. What is the units digit of (-5)/f + 0 + (-1890)/(-8)?
6
Let v(m) = 5 + 0 - 8 + m. Let j be v(5). Suppose 3*r - 127 = j. What is the units digit of r?
3
Suppose 5*r = g - 17, 4*r + 106 = g + 2*g. What is the units digit of 11 + g/(-6) - (-207 - -1)?
0
Suppose -3*f = -22 + 1. Suppose -t - 1 = -f. Suppose 2*l - t*l = -112. What is the units digit of l?
8
Let x = 34 - 25. Suppose 2*i - 21 = -x. Suppose -2*f = -i*f + 256. What is the tens digit of f?
6
Let a be (-364)/65 + 4/(-10). Let r = a - -12. Suppose 2*s + 2*u =